5, 127
List the prime factors of 59446.
2, 29723
What are the prime factors of 2890?
2, 5, 17
What are the prime factors of 3272?
2, 409
What are the prime factors of 1243?
11, 113
List the prime factors of 10889.
10889
List the prime factors of 75348.
2, 3, 7, 13, 23
What are the prime factors of 1018?
2, 509
What are the prime factors of 13389?
3, 4463
What are the prime factors of 997?
997
What are the prime factors of 127508?
2, 127, 251
What are the prime factors of 844?
2, 211
List the prime factors of 9369.
3, 347
What are the prime factors of 1095?
3, 5, 73
What are the prime factors of 6097?
7, 13, 67
What are the prime factors of 11046?
2, 3, 7, 263
What are the prime factors of 116?
2, 29
List the prime factors of 2883.
3, 31
List the prime factors of 433.
433
List the prime factors of 878.
2, 439
What are the prime factors of 10806?
2, 3, 1801
List the prime factors of 4739.
7, 677
What are the prime factors of 3524?
2, 881
List the prime factors of 17792.
2, 139
List the prime factors of 97910.
2, 5, 9791
What are the prime factors of 92100?
2, 3, 5, 307
What are the prime factors of 5273?
5273
What are the prime factors of 2707?
2707
List the prime factors of 3110.
2, 5, 311
List the prime factors of 13201.
43, 307
What are the prime factors of 13911?
3, 4637
What are the prime factors of 601?
601
List the prime factors of 89.
89
List the prime factors of 103756.
2, 25939
List the prime factors of 3609.
3, 401
What are the prime factors of 42811?
31, 1381
List the prime factors of 49969.
107, 467
List the prime factors of 1808.
2, 113
List the prime factors of 2520.
2, 3, 5, 7
What are the prime factors of 13116?
2, 3, 1093
What are the prime factors of 254?
2, 127
List the prime factors of 36475.
5, 1459
What are the prime factors of 21365?
5, 4273
What are the prime factors of 2035?
5, 11, 37
What are the prime factors of 2051?
7, 293
What are the prime factors of 4971?
3, 1657
What are the prime factors of 7911?
3, 293
List the prime factors of 41846.
2, 7, 61
List the prime factors of 62.
2, 31
What are the prime factors of 3901?
47, 83
What are the prime factors of 1465?
5, 293
What are the prime factors of 433?
433
List the prime factors of 19967.
41, 487
What are the prime factors of 6686?
2, 3343
List the prime factors of 4379.
29, 151
List the prime factors of 25202.
2, 12601
What are the prime factors of 4141?
41, 101
What are the prime factors of 3118?
2, 1559
List the prime factors of 41221.
41221
What are the prime factors of 2690?
2, 5, 269
What are the prime factors of 730?
2, 5, 73
List the prime factors of 15041.
13, 89
List the prime factors of 650.
2, 5, 13
What are the prime factors of 11838?
2, 3, 1973
List the prime factors of 72020.
2, 5, 13, 277
List the prime factors of 31211.
23, 59
What are the prime factors of 1026?
2, 3, 19
List the prime factors of 3546.
2, 3, 197
What are the prime factors of 1855?
5, 7, 53
What are the prime factors of 752?
2, 47
What are the prime factors of 48?
2, 3
List the prime factors of 3363.
3, 19, 59
List the prime factors of 6740.
2, 5, 337
What are the prime factors of 7299?
3, 811
What are the prime factors of 37348?
2, 9337
What are the prime factors of 424?
2, 53
List the prime factors of 14053.
13, 23, 47
List the prime factors of 656.
2, 41
What are the prime factors of 3874?
2, 13, 149
List the prime factors of 35982.
2, 3, 1999
List the prime factors of 2204.
2, 19, 29
List the prime factors of 51438.
2, 3, 8573
List the prime factors of 147357.
3, 7, 2339
List the prime factors of 24574.
2, 11, 1117
What are the prime factors of 1041?
3, 347
List the prime factors of 116378.
2, 58189
What are the prime factors of 49?
7
List the prime factors of 2714.
2, 23, 59
List the prime factors of 4224.
2, 3, 11
What are the prime factors of 3026?
2, 17, 89
What are the prime factors of 493?
17, 29
List the prime factors of 1536.
2, 3
List the prime factors of 2328.
2, 3, 97
List the prime factors of 3349.
17, 197
List the prime factors of 16502.
2, 37, 223
What are the prime factors of 32292?
2, 3, 13, 23
List the prime factors of 26762.
2, 13381
List the prime factors of 4753.
7, 97
List the prime factors of 3546.
2, 3, 197
What are the prime factors of 16995?
3, 5, 11, 103
What are the prime factors of 56308?
2, 7, 2011
What are the prime factors of 26102?
2, 31, 421
List the prime factors of 475.
5, 19
What are the prime factors of 1575?
3, 5, 7
What are the prime factors of 384?
2, 3
List the prime factors of 1777.
1777
What are the prime factors of 10721?
71, 151
List the prime factors of 5131.
7, 733
What are the prime factors of 41450?
2, 5, 829
List the prime factors of 66310.
2, 5, 19, 349
List the prime factors of 2116.
2, 23
What are the prime factors of 52689?
3, 7, 13, 193
List the prime factors of 47798.
2, 23899
What are the prime factors of 6812?
2, 13, 131
What are the prime factors of 394?
2, 197
What are the prime factors of 2355?
3, 5, 157
What are the prime factors of 48463?
48463
What are the prime factors of 1133?
11, 103
List the prime factors of 408.
2, 3, 17
What are the prime factors of 1018?
2, 509
List the prime factors of 4737.
3, 1579
List the prime factors of 61495.
5, 7, 251
What are the prime factors of 45814?
2, 22907
What are the prime factors of 2263?
31, 73
What are the prime factors of 6?
2, 3
List the prime factors of 21281.
13, 1637
What are the prime factors of 780?
2, 3, 5, 13
List the prime factors of 115186.
2, 57593
List the prime factors of 180.
2, 3, 5
What are the prime factors of 1027?
13, 79
List the prime factors of 4199.
13, 17, 19
List the prime factors of 163290.
2, 3, 5, 5443
List the prime factors of 16996.
2, 7, 607
What are the prime factors of 4670?
2, 5, 467
List the prime factors of 2390.
2, 5, 239
What are the prime factors of 1502?
2, 751
What are the prime factors of 1239?
3, 7, 59
List the prime factors of 2753.
2753
What are the prime factors of 157424?
2, 9839
List the prime factors of 694.
2, 347
What are the prime factors of 289?
17
List the prime factors of 3815.
5, 7, 109
List the prime factors of 5565.
3, 5, 7, 53
List the prime factors of 603.
3, 67
What are the prime factors of 100679?
83, 1213
List the prime factors of 564.
2, 3, 47
What are the prime factors of 421?
421
List the prime factors of 14659.
107, 137
What are the prime factors of 2068?
2, 11, 47
List the prime factors of 15664.
2, 11, 89
List the prime factors of 30687.
3, 53, 193
What are the prime factors of 943?
23, 41
List the prime factors of 163112.
2, 20389
What are the prime factors of 66006?
2, 3, 19, 193
List the prime factors of 1521.
3, 13
What are the prime factors of 74300?
2, 5, 743
What are the prime factors of 17055?
3, 5, 379
List the prime factors of 1240.
2, 5, 31
List the prime factors of 2264.
2, 283
What are the prime factors of 4702?
2, 2351
List the prime factors of 33619.
33619
What are the prime factors of 18360?
2, 3, 5, 17
List the prime factors of 8675.
5, 347
List the prime factors of 32020.
2, 5, 1601
What are the prime factors of 126?
2, 3, 7
List the prime factors of 101344.
2, 3167
List the prime factors of 1298.
2, 11, 59
What are the prime factors of 5001?
3, 1667
What are the prime factors of 19030?
2, 5, 11, 173
What are the prime factors of 14430?
2, 3, 5, 13, 37
List the prime factors of 2131.
2131
What are the prime factors of 390?
2, 3, 5, 13
List the prime factors of 227.
227
List the prime factors of 565.
5, 113
What are the prime factors of 13419?
3, 7, 71
What are the prime factors of 2614?
2, 1307
List the prime factors of 3054.
2, 3, 509
List the prime factors of 27297.
3, 337
What are the prime factors of 7005?
3, 5, 467
What are the prime factors of 9718?
2, 43, 113
List the prime factors of 8942.
2, 17, 263
List the prime factors of 3034.
2, 37, 41
List the prime factors of 4248.
2, 3, 59
What are the prime factors of 39765?
3, 5, 11, 241
List the prime factors of 620.
2, 5, 31
List the prime factors of 4410.
2, 3, 5, 7
What are the prime factors of 25418?
2, 71, 179
What are the prime factors of 14843?
14843
List the prime factors of 1439.
1439
List the prime factors of 14980.
2, 5, 7, 107
What are the prime factors of 1407?
3, 7, 67
What are the prime factors of 1682?
2, 29
List 